et i be m(1). Suppose i - 1 = -3*b. Let g = b - -18. What is the highest common divisor of g and 77?
7
Let d be 2 + 6/((-1)/1). Let z = 8 - d. What is the greatest common divisor of 84 and z?
12
Let u be 2/8 - (-135)/4. Suppose 2*l + 5*p - u = 2*p, -l = -3*p - 8. Let y(b) = b - 3. Let r be y(5). What is the greatest common factor of r and l?
2
Let f be ((-2)/6)/((-3)/18). Suppose -f*u = 2*m - 12 - 0, 5 = -u. Suppose 4*r + r - 385 = 0. Calculate the highest common divisor of r and m.
11
Let m = 10 - -6. What is the highest common factor of 24 and m?
8
Let g = 93 + -87. Calculate the greatest common divisor of g and 12.
6
Let u(m) = 2*m**3 - 4*m**2 - 10*m + 12. Let q be u(6). Calculate the greatest common divisor of q and 30.
30
Let b(s) = -7*s**3 - s**2. Let c be b(-1). Suppose -7*l = -0*l - 14. Calculate the highest common divisor of c and l.
2
Suppose -144 = b - 5*b. Suppose -o = -2*o + b. Calculate the highest common divisor of o and 90.
18
Let d = -48 + 160. Suppose -3*r + 56 = r - 2*b, 70 = 5*r - 4*b. Calculate the greatest common factor of d and r.
14
Let t = 31 + -20. Calculate the highest common divisor of 110 and t.
11
Let g(w) = 3*w + 8. Let k be g(8). Suppose 2*y = -4 + k. What is the greatest common divisor of y and 56?
14
Suppose 2*m - 690 = -3*m - 2*a, 131 = m - a. Calculate the highest common factor of 17 and m.
17
Suppose -27 = -0*x - 3*x. Let d be ((-72)/10)/(8/(-360)). Suppose 0*i + d = 4*i. What is the greatest common factor of x and i?
9
Let l = 29 - 26. Calculate the highest common factor of 6 and l.
3
Let b(l) = 12*l. Let g be b(1). Let m be (g/5)/(15/100). What is the highest common divisor of 80 and m?
16
Let f = 0 - -3. Let n be 3 - (f - -44)*-3. What is the greatest common factor of 16 and n?
16
Suppose 2*l + 2*l - 8 = 0, 4*u - 16 = -4*l. Suppose 3*s + u*s - 270 = 0. Let q be 0/1 + 0 + s. Calculate the greatest common divisor of 6 and q.
6
Let f(c) = c**3 - 12*c**2 + 10*c + 16. Let l be f(11). Suppose -l*o + 82 = 32. What is the highest common divisor of o and 20?
10
Let l be (-68)/51*(-6)/(1 + 1). What is the greatest common divisor of l and 4?
4
Suppose 8*y + 8 = 152. Calculate the highest common factor of y and 99.
9
Let s(a) = -7*a - 7. Let w be s(3). Let n = -10 - w. What is the highest common divisor of n and 45?
9
Let n(k) = -k**2 - 25*k - 48. Let s be n(-21). Calculate the greatest common factor of s and 4.
4
Let p(t) = -t + 8. Let k be p(11). Let f be (k + 9)/((-4)/(-6)). Calculate the greatest common factor of f and 18.
9
Let w be ((-40)/6)/(4/(-30)). Let o be (9 - 7) + 1 + 7. What is the highest common divisor of w and o?
10
Suppose -6*b + b = -50. Let g be 6/4*b/3. Suppose g + 3 = j. What is the greatest common divisor of j and 2?
2
Let y be (-20)/6*63/(-14). Calculate the highest common factor of y and 10.
5
Suppose 0 = 4*o - 3*n - 275, 9*o - 315 = 4*o - 2*n. Suppose o - 373 = -4*m. Let c be 2/3*(-21)/(-2). Calculate the greatest common divisor of m and c.
7
Let p be -1*32/(-3) - (-1)/3. What is the greatest common divisor of p and 11?
11
Suppose -2 = 5*z + 113. Let y(u) = u**3 - 3*u**2 + 7*u + 1. Let t be y(5). Let a = t + z. What is the highest common divisor of 7 and a?
7
Let t be 2/(-6) + (-395)/(-45)*21. What is the highest common divisor of 46 and t?
46
Suppose -220 = -5*o - 5*z, 249 + 11 = 5*o - 3*z. Let n = -29 - -43. Let c = o + n. Calculate the highest common factor of 7 and c.
7
Let v(y) = 3*y - 3. Suppose -4*c - 4*d + 28 = 0, 3*c = -2*c - 4*d + 36. Let p be v(c). What is the greatest common divisor of 3 and p?
3
Let z(w) = -7*w + 10*w**2 - 5 - 4*w + 0 - w**3. Let k be z(8). Calculate the highest common factor of 14 and k.
7
Let i(q) = 11*q**2 - 4*q - 3. Let z be i(-1). Calculate the highest common factor of z and 156.
12
Let x be (0 - -5)*(2 + -5). Let z = -11 - x. Calculate the greatest common factor of 20 and z.
4
Suppose 2*y + 15 = 5*y. Calculate the highest common divisor of 10 and y.
5
Suppose -13*w = -18*w + 75. Calculate the highest common divisor of w and 10.
5
Let o be 2/(-4)*10 + 1. Let v(s) = -s + 5. Let d be v(o). What is the greatest common divisor of 36 and d?
9
Let t = -38 + 37. Suppose -3*o = 2*x + 9, 4*o + 0*x - 4*x + 12 = 0. Let z be (60*t)/(o/2). What is the greatest common factor of z and 8?
8
Let r = 12 - 10. Let z(c) = -c**2 - 5*c - 3. Let y be z(-3). Suppose 2*n = -5*j, y*n - n - 3*j = 32. Calculate the greatest common divisor of r and n.
2
Suppose -192 = 10*v - 11*v. Let a = 48 + -24. Calculate the highest common factor of a and v.
24
Let l = 38 + -27. Suppose 62 = 5*x - 43. Let c = x - l. Calculate the highest common factor of 50 and c.
10
Let h = 8 + 9. Suppose -5*l = -4*f + 68, -f + 27 = -4*l + 10. Calculate the greatest common divisor of h and f.
17
Suppose 4*u = -3*i + 20, -u - i + 8 = u. Suppose -v + 21 = u*v. Calculate the highest common factor of 7 and v.
7
Suppose 4*t + 0 - 8 = 4*l, -t + 12 = 4*l. Let d(i) = 3*i**3 + 4*i**2 - 2*i - 2. Let c be d(l). Calculate the greatest common factor of 17 and c.
17
Let y(a) = -7*a + 6. Let z be y(-3). What is the greatest common factor of z and 18?
9
Let x(v) = 22*v**2 - 3*v + 3. Let g be x(-3). Suppose -2*c = 3*c + g. Let o be (c/(-4))/3*2. Calculate the greatest common factor of 21 and o.
7
Suppose 2*j - 284 = 3*u, -4*j + 532 = -0*j + 3*u. What is the greatest common divisor of j and 17?
17
Let y be -1*(12/(-10) - 2/(-10)). Let c = 21 + -13. Calculate the greatest common divisor of c and y.
1
Let a be (6/5)/((-1)/(-5)). Let z = -8 - -15. Suppose z*r - 75 = 2*r. What is the highest common factor of a and r?
3
Let g(p) = -p**3 + 5*p**2 + p + 6. Suppose 2*d + y = -0*y, -d = -4*y. Suppose -j + 3 + 2 = d. Let f be g(j). What is the highest common factor of f and 55?
11
Let f be (2 + -3)/((-3)/27). Let o be 3/f*(0 + 45). Calculate the greatest common factor of o and 30.
15
Suppose -4*g + 21 = -3. Let b(s) = -s**2 + 6*s - 2. Let t be b(5). Let p be (-2)/(t/(-3*3)). What is the greatest common divisor of g and p?
6
Let t be (12/30)/(1/5). Let s = 1 - -3. Suppose 0 = t*o - s*r - 66, 3*o - 3*r - 79 = -2*r. What is the greatest common divisor of 5 and o?
5
Suppose -k + 2*k - 4 = 0. Suppose -x + 5 = 2*t - 1, 5*x + 4*t - 18 = 0. Calculate the greatest common divisor of x and k.
2
Suppose -r + 3*r - 58 = 0. Let s = -19 + r. Calculate the highest common divisor of s and 20.
10
Let x be (-5)/(-1*1/4). Let g be (-135)/18*(-32)/3. Calculate the highest common factor of x and g.
20
Suppose -a = 3*a - 72. Calculate the highest common divisor of a and 126.
18
Suppose -j = -5*b - 3*j + 32, 0 = 4*b - 5*j - 19. Let n be 36 + 1 - 2/2. What is the highest common factor of b and n?
6
Suppose -3*u - 2*n - 4 = 0, 5*n + 10 = 7*u - 2*u. Suppose u = -4*x + 57 + 103. What is the greatest common factor of x and 8?
8
Suppose 10*v = 8*v + 48. Suppose -2*s = -4*s + 192. Calculate the highest common factor of v and s.
24
Let o be 22/(-66) - (-56)/6. Calculate the greatest common factor of 99 and o.
9
Let o be (-192)/(-5)*170/51. Calculate the highest common factor of 16 and o.
16
Let n be (12/(-10))/(2/10). Let a(d) = 4*d - 1. Let h(g) = 4*g - 2. Let v(o) = -4*a(o) + 3*h(o). Let t be v(n). Calculate the greatest common factor of 2 and t.
2
Let w(m) = -m**3 + 10*m**2 + 12*m + 12. Let o be w(11). Calculate the highest common factor of o and 92.
23
Let d(k) be the third derivative of k**5/60 + k**4/8 - 5*k**3/6 - 3*k**2. Let o be d(-5). Calculate the greatest common divisor of o and 45.
5
Let t be 7/4 + (-8)/(-32). Calculate the highest common factor of t and 16.
2
Let y(r) be the second derivative of 5*r**3/6 - r**2/2 + 4*r. Let w be y(11). Let b = -3 + 9. Calculate the highest common factor of w and b.
6
Let h be 184 + (3/3)/(-1). Suppose 0 = x + 7 - h. What is the greatest common factor of 16 and x?
16
Let r be 8/(-28) - 702/(-7). Calculate the highest common divisor of 20 and r.
20
Let b(a) = 2*a - 8. Let q be b(8). What is the greatest common divisor of 32 and q?
8
Let a = 2 + -2. Suppose b - 5*b + 68 = a. Let f = b - 11. What is the highest common factor of 30 and f?
6
Let s(r) = -6 - 3*r**2 - r**2 + 4*r**2 - r**2 - 8*r. Let x be s(-6). Calculate the greatest common divisor of x and 6.
6
Let i(y) = -y**3 + 6*y**2 - 5*y - 4. Let q be i(4). Let s be (-1)/